{"id":12,"date":"2013-05-09T16:37:53","date_gmt":"2013-05-09T16:37:53","guid":{"rendered":"http:\/\/djecjikutak.muzej-rijeka.hr\/?page_id=12"},"modified":"2013-05-12T15:47:02","modified_gmt":"2013-05-12T15:47:02","slug":"tko-su-muze","status":"publish","type":"page","link":"https:\/\/djecjikutak.muzej-rijeka.hr\/index.php\/o-muzejima\/tko-su-muze\/","title":{"rendered":"Tko su muze?"},"content":{"rendered":"<p>Muzeji su ustanove koje \u010duvaju, prou\u010davaju, obra\u0111uju, istra\u017euju i izla\u017eu razli\u010dite vrste starih i rijetkih predmeta s ciljem da se oni o\u010duvaju jo\u0161 dugo vremena kako bi ih mogle vidjeti i sljede\u0107e generacije.<br \/>\nIme su dobili po boginjama <strong>Muzama<\/strong> u koje su vjerovali stari Grci. Smatrali su da su one za\u0161titnice pjesni\u0161tva, umjetnosti i znanosti. Prema tom vjerovanju postojalo je devet boginja koje je predvodio bog Apolon.Vjerovalo se da Muze nadahnjuju umjetnike, zbog \u010dega danas ljudi znaju re\u0107i da je netko umjetnikova muza odnosno nadahnu\u0107e. Primjerice, slikar mo\u017ee re\u0107i da je njegova muza njegova supruga, \u0161to zna\u010di da u njenom dru\u0161tvu dobiva ideje za slikanje.<\/p>\n","protected":false},"excerpt":{"rendered":"<p>Muzeji su ustanove koje \u010duvaju, prou\u010davaju, obra\u0111uju, istra\u017euju i izla\u017eu razli\u010dite vrste starih i rijetkih predmeta s ciljem da se oni o\u010duvaju jo\u0161 dugo vremena kako bi ih mogle vidjeti i sljede\u0107e generacije. Ime su dobili po boginjama Muzama u koje su vjerovali stari Grci. Smatrali su da su one za\u0161titnice pjesni\u0161tva, umjetnosti i znanosti. [&hellip;]<\/p>\n","protected":false},"author":2,"featured_media":0,"parent":8,"menu_order":0,"comment_status":"open","ping_status":"closed","template":"","meta":[],"_links":{"self":[{"href":"https:\/\/djecjikutak.muzej-rijeka.hr\/index.php\/wp-json\/wp\/v2\/pages\/12"}],"collection":[{"href":"https:\/\/djecjikutak.muzej-rijeka.hr\/index.php\/wp-json\/wp\/v2\/pages"}],"about":[{"href":"https:\/\/djecjikutak.muzej-rijeka.hr\/index.php\/wp-json\/wp\/v2\/types\/page"}],"author":[{"embeddable":true,"href":"https:\/\/djecjikutak.muzej-rijeka.hr\/index.php\/wp-json\/wp\/v2\/users\/2"}],"replies":[{"embeddable":true,"href":"https:\/\/djecjikutak.muzej-rijeka.hr\/index.php\/wp-json\/wp\/v2\/comments?post=12"}],"version-history":[{"count":0,"href":"https:\/\/djecjikutak.muzej-rijeka.hr\/index.php\/wp-json\/wp\/v2\/pages\/12\/revisions"}],"up":[{"embeddable":true,"href":"https:\/\/djecjikutak.muzej-rijeka.hr\/index.php\/wp-json\/wp\/v2\/pages\/8"}],"wp:attachment":[{"href":"https:\/\/djecjikutak.muzej-rijeka.hr\/index.php\/wp-json\/wp\/v2\/media?parent=12"}],"curies":[{"name":"wp","href":"https:\/\/api.w.org\/{rel}","templated":true}]}}